e
Is 16973498993 a composite number?
True
Is 8876142637 composite?
True
Is 989388721 prime?
True
Is 55614203 a composite number?
False
Is 184626089 a prime number?
True
Is 154261447 a prime number?
True
Is 2234797249 a prime number?
False
Is 15993050867 prime?
True
Is 4637848627 prime?
True
Is 54347893 composite?
False
Is 494687717 a composite number?
True
Is 609088391 a composite number?
False
Is 736590377 a prime number?
True
Is 14126724737 a composite number?
False
Is 2996526487 prime?
False
Is 27238161061 a composite number?
False
Is 7627481963 a composite number?
False
Is 5889879467 a prime number?
True
Is 382458779 composite?
False
Is 1831402597 a composite number?
False
Is 7199922215 prime?
False
Is 4474621009 a prime number?
False
Is 1257419083 a prime number?
False
Is 1249298119 prime?
True
Is 124517538883 composite?
False
Is 20502374839 a composite number?
True
Is 179092915 a prime number?
False
Is 5150745317 a prime number?
True
Is 1217763851 prime?
True
Is 407524123 a composite number?
False
Is 7885574453 prime?
False
Is 3358834301 a composite number?
False
Is 339961423 a prime number?
True
Is 20741954377 a prime number?
True
Is 3917601613 a prime number?
True
Is 74316123173 a composite number?
True
Is 11010106561 prime?
True
Is 103339471 prime?
True
Is 4830853043 prime?
True
Is 14746399 prime?
False
Is 919579961 a composite number?
False
Is 1037191829 prime?
False
Is 9865449949 a composite number?
True
Is 448356781 a composite number?
False
Is 33046890941 a prime number?
False
Is 791891407 composite?
False
Is 587598481 composite?
False
Is 322169273 composite?
False
Is 15765526519 a composite number?
False
Is 70098538337 composite?
False
Is 22746231569 prime?
True
Is 7783205545 a composite number?
True
Is 2591200219 a composite number?
False
Is 65686416791 composite?
False
Is 1641216319 prime?
True
Is 1694236039 composite?
True
Is 159740561 composite?
True
Is 22547316107 a composite number?
True
Is 489403567 a composite number?
True
Is 450438511 composite?
True
Is 4705173721 a composite number?
True
Is 44411650723 a prime number?
False
Is 4417132289 prime?
True
Is 2801597921 composite?
True
Is 1830891817 composite?
True
Is 358380839 a prime number?
False
Is 18809058187 a prime number?
True
Is 3421600015 prime?
False
Is 440629895 a prime number?
False
Is 74540524969 composite?
True
Is 600064229 a composite number?
True
Is 2312264627 composite?
True
Is 446826091 prime?
True
Is 88611457451 composite?
True
Is 563058961 a composite number?
True
Is 1016810687 prime?
True
Is 1293567631 a prime number?
False
Is 21855074363 a composite number?
False
Is 4526195343 composite?
True
Is 3152750597 composite?
False
Is 16773084677 prime?
True
Is 1276174267 a prime number?
True
Is 9657369689 a prime number?
False
Is 11025458603 prime?
False
Is 5229431333 a composite number?
True
Is 447866437 prime?
False
Is 8319942517 composite?
True
Is 845430983 a composite number?
True
Is 256507333 prime?
False
Is 25650362531 composite?
True
Is 440801207435 prime?
False
Is 9851747883 a composite number?
True
Is 1957403893 composite?
True
Is 203393018861 composite?
True
Is 722051789 composite?
False
Is 5192300397 a prime number?
False
Is 602528482 prime?
False
Is 837746122 composite?
True
Is 1133099041 composite?
True
Is 144103121 prime?
False
Is 253208569 prime?
False
Is 133759159 prime?
False
Is 282254849 composite?
True
Is 5144921071 composite?
False
Is 20669536387 a prime number?
True
Is 18149923529 a prime number?
False
Is 207835517167 a composite number?
True
Is 3694882361 prime?
True
Is 209873933 a composite number?
True
Is 935693443 a prime number?
True
Is 308856438157 a prime number?
True
Is 3695679139 prime?
True
Is 286341821 a composite number?
True
Is 50698778827 a prime number?
True
Is 3122777929 a prime number?
False
Is 34434143411 a composite number?
True
Is 9693601829 a composite number?
False
Is 34126585118 a composite number?
True
Is 5309096615 a prime number?
False
Is 2233128827 a composite number?
True
Is 1333114491 a prime number?
False
Is 50547620333 prime?
False
Is 1060384627 composite?
False
Is 1490007931 prime?
True
Is 810488477 a prime number?
True
Is 2019656897 a prime number?
True
Is 15238289789 composite?
True
Is 504384721 composite?
False
Is 9130474973 prime?
True
Is 11516984153 composite?
False
Is 79167467 composite?
False
Is 850007651 composite?
False
Is 49082813041 a composite number?
True
Is 1268005411 composite?
False
Is 806057711 composite?
True
Is 1040485471 composite?
False
Is 110507707 a prime number?
True
Is 687457591 composite?
False
Is 15972561307 a prime number?
False
Is 40792662461 prime?
False
Is 9781087637 a prime number?
True
Is 798492281 a prime number?
True
Is 7496074549 composite?
True
Is 1256774833 a prime number?
True
Is 3826736741 prime?
True
Is 458000071 composite?
False
Is 161725184591 a composite number?
False
Is 1086157453 a prime number?
True
Is 19020236621 composite?
True
Is 2452427741 composite?
False
Is 390887293 prime?
True
Is 13024649 a composite number?
True
Is 1302753353 a composite number?
True
Is 134118343 a composite number?
False
Is 24122261123 a composite number?
False
Is 531610657 composite?
True
Is 349863313 composite?
False
Is 34231520443 prime?
True
Is 382009787 prime?
False
Is 69885370403 composite?
False
Is 44907364351 composite?
False
Is 3884493233 composite?
True
Is 10437096821 prime?
True
Is 7500159131 composite?
True
Is 4856561119 a composite number?
True
Is 44764724551 a composite number?
False
Is 325449827 a composite number?
False
Is 1251975139 prime?
False
Is 146698963 composite?
False
Is 26561018317 composite?
True
Is 744463561 a prime number?
False
Is 135299201 composite?
True
Is 30886700939 a composite number?
False
Is 70574995191 a composite number?
True
Is 1489312189 composite?
False
Is 9264491803 prime?
False
Is 19113770509 a composite number?
True
Is 3236514157 prime?
True
Is 7906666273 a prime number?
False
Is 1959110911 a composite number?
False
Is 104715604181 composite?
False
Is 2584234819 a prime number?
False
Is 6187560143 a composite number?
True
Is 1662617041 prime?
False
Is 9063377293 composite?
True
Is 230306029 a composite number?
True
Is 69972600081 prime?
False
Is 26355627917 a prime number?
False
Is 10263932647 a prime number?
True
Is 516528301 composite?
True
Is 9276204101 a composite number?
False
Is 15227130914 composite?
True
Is 1661290751 composite?
False
Is 6428493959 composite?
False
Is 1582023067 composite?
False
Is 49168057 prime?
True
Is 31878517 prime?
False
Is 5882507315 composite?
True
Is 11443515907 composite?
False
Is 244203497 a composite number?
False
Is 71276786967 composite?
True
Is 1815695411 prime?
False
Is 38512634749 prime?
True
Is 3076522357 prime?
True
Is 327787865477 prime?
False
Is 321002831 composite?
False
Is 20991721 composite?
False
Is 2824082 composite?
True
Is 1140436273 a composite number?
False
Is 5591737253 composite?
True
Is 3624204253 a prime number?
True
Is 27107841083 a composite number?
False
Is 117655740013 a composite number?
True
Is 1499726443 prime?
True
Is 31548223093 prime?
False
Is 43487391667 a composite number?
False
Is 28111498759 a prime number?
True
Is 555086863 a composite number?
True
Is 1951186343 a composite number?
True
Is 11586775195 a prime number?
False
Is 11764891907 prime?
True
Is 90211603877 composite?
True
Is 2557311947 a prime number?
False
Is 309258281 a prime number?
False
Is 793963283 prime?
False
Is 6833845397 composite?
False
Is 31806542423 prime?
True
Is 2128711667 a composite number?
False
Is 53479988231 a prime number?
True
Is 67106168737 a prime number?
True
Is 2714125739 a composite number?
True
Is 242198543 a prime number?
False
Is 704567089 a prime number?
True
Is 2017286971 a composite number?
True
Is 16909079423 composite?
True
Is 109748106367 a composite number?
True
Is 2107760933 prime?
False
Is 20100889219 a prime number?
False
Is 9571137661 composite?
True
Is 13807966369 composite?
False
Is 8935151909 prime?
True
Is 90059507 a prime number?
True
Is 7627692391 prime?
False
Is 1386075347 composite?
True
Is 34195967861 a prime number?
False
Is 1522364651 a composite number?
False
Is 142809413 a prime number?
True
Is 77271964211 a prime number?
False
Is 452126687 prime?
True
Is